*b + 5. Let h be w(-4). Let s = -39 - -73. Calculate the remainder when s is divided by m(h).
10
Let c(i) = 2*i**3 + 10*i**2 + 3*i - 4. What is the remainder when 31 is divided by c(-4)?
15
Let r be 21 - ((-1)/(-1) + 1). Let i = r + -7. What is the remainder when 57 is divided by i?
9
Let f(v) = v**3 + 7*v**2 + 4*v - 8. Let h be f(-6). Suppose -o - h*a + 36 = -a, -2*o - 2*a = -60. What is the remainder when o is divided by 14?
13
Suppose -6*s + 319 = -3*s - l, 0 = -3*s - 3*l + 303. What is the remainder when s is divided by 12?
9
Suppose 5*v - 3*q = 2*q + 60, 2*v - q = 24. Suppose p - v = -3*p. Suppose 5*b - k = k + 179, b - 41 = p*k. What is the remainder when b is divided by 19?
16
Let p(i) = 4*i**2 + 2*i. Suppose 69*x = 66*x + 261. What is the remainder when x is divided by p(-3)?
27
Suppose -10*m = -24*m + 168. What is the remainder when 94 is divided by m?
10
Suppose 5*u - 49 = -4*y, 3*y = 4*u + 36 - 7. Calculate the remainder when y is divided by 7.
4
Let t(b) = -5*b + 1. Let w be t(-2). Suppose -w = -2*x + 35. Calculate the remainder when x is divided by 12.
11
Let a(n) = -n**3 - 4*n**2 + 6*n - 8. Calculate the remainder when a(-6) is divided by 10.
8
Suppose -2*f = 4, 4*a - 4*f = -7*f + 798. Suppose 3*l = -6 + a. What is the remainder when l is divided by 22?
21
Let c be 1/(-5) + 936/(-20). Let r = c - -30. Let q = 28 + r. Calculate the remainder when q is divided by 3.
2
Let j(q) = -q + 2. Let p be j(0). Suppose 21 = 4*v + 9. Suppose -p*d + v*w - 1 = -25, 4*d - 3*w = 42. What is the remainder when 17 is divided by d?
8
What is the remainder when 416/12 + -3 + 4/12 is divided by 18?
14
Let c = -11 + 33. Let o = -7 - -11. Suppose 2*i + 24 = o*i. What is the remainder when c is divided by i?
10
Suppose -51 = -16*w + 15*w. Let q(a) = a**3 + 4*a - 3. Calculate the remainder when w is divided by q(2).
12
Suppose -4*t + 7*t - 9 = 0. Let b = -54 + 164. Suppose t*x = 76 + b. Calculate the remainder when x is divided by 16.
14
Let d = -18 + 10. Let h(r) = -r**3 - 6*r**2 - 3*r + 6. Let t be h(-5). Let g = t - d. Calculate the remainder when 7 is divided by g.
3
Let n = 14 - 10. What is the remainder when 10 is divided by n?
2
Suppose -8*f + 205 = -3*f. Suppose 2*s + 3*s - 10 = 0. What is the remainder when f is divided by 0 + 14 + 2 - s?
13
Let o be -9 + 8 - 1*-15. Let g = 34 - o. Suppose z + 83 = 2*j, 5*j - 4*z - 220 = z. Calculate the remainder when j is divided by g.
19
Let w = -62 + 131. Let j = w - 34. Let u(v) = 3*v**3 - 4*v**2 + 3*v - 2. What is the remainder when j is divided by u(2)?
11
Let s(p) = p. What is the remainder when 4/((1 - -3)/16) is divided by s(6)?
4
Let q = 60 - 40. Suppose 0 = b + l - 11, 5*b - 2*l - 23 = l. Calculate the remainder when q is divided by b.
6
Let v be 2 - (-2 + 2) - -7. Suppose -v - 1 = -2*q. Let m = -22 - -31. What is the remainder when m is divided by q?
4
Let i(t) = -t**3 - 2*t**2 + t + 2. Let y = 1 + 2. Suppose -58 = -y*v - 13. What is the remainder when v is divided by i(-3)?
7
Let l(w) be the second derivative of w**4/12 - w**2 + 3*w. Let m be l(-2). Suppose -2*x + 20 - m = 0. What is the remainder when 26 is divided by x?
8
Suppose 3*h + 18 = -0. Let s = 21 + -5. What is the remainder when 30 - (h/3 - -1) is divided by s?
15
Let o(k) = -3*k - 7. Let i be o(-8). Suppose -4*s + 3*d = -2*s + i, 4*s = -3*d - 43. What is the remainder when 1 is divided by s/(-5)*2/4?
0
Let r = 30 + -21. What is the remainder when r is divided by 3?
0
Let d be 70*-4*2/(-16). Suppose -2*g - 59 = -3*h, -h = -4*h - 4*g + d. What is the remainder when 31 is divided by h?
14
Suppose 3 = -2*r - 2*y + 23, 0 = 4*r - 4*y - 24. Let c = r + 15. Calculate the remainder when 44 is divided by c.
21
Let y(o) = -o**3 + 6*o**2 - 4*o + 4. Let p = 11 + -8. Suppose -9 - 9 = -5*u - 2*t, -u + 1 = p*t. What is the remainder when 38 is divided by y(u)?
18
Suppose -10 = 2*p - 4*u, -5 = -4*p - 4*u + 23. Calculate the remainder when 8 is divided by p.
2
Suppose -3*r = 21 + 27. Let f = 1 + r. Calculate the remainder when (6/f)/(2/(-30)) is divided by 4.
2
Suppose 2*p = -2*p + 36. Let q be ((-4)/12)/((-2)/(-6)). Calculate the remainder when p is divided by q/(-1) - (-1 + -1).
0
Suppose -y = -0 - 3. What is the remainder when 10 is divided by (4 - y)*2*2?
2
Let k = 8 + -13. Let h = k + 6. Calculate the remainder when 1 is divided by h.
0
Let g = -8 + 14. Let c = g - 1. Let s = -3 + 5. Calculate the remainder when c is divided by s.
1
Suppose 0 = 4*w - 92 - 120. Suppose -5*n + 17 = -w. What is the remainder when n is divided by 4?
2
Let v = -46 - -55. What is the remainder when 28 is divided by v?
1
Suppose -2*z + 18 = -5*r, -4*r - 12 + 3 = -z. Let d(l) = -l**2 + 10*l - 5. What is the remainder when (-3)/((-9)/(-3))*-7 is divided by d(z)?
3
Let g = 20 + 6. Let v(i) = i**3 - 9*i**2 + 8*i + 4. Let p be v(8). Suppose j - 3*j - p*u = -6, -2*j - 5*u = -3. What is the remainder when g is divided by j?
8
Suppose -5*c + 51 = -3*j - 40, 5*c = -4*j + 77. Calculate the remainder when 67 is divided by c.
16
Let c = 46 - 23. What is the remainder when 65 is divided by c?
19
Let j(q) = q**2 + 7*q - 4. Let u be j(-8). Let y = u - 2. Suppose -y*g + 5*l + 29 + 47 = 0, -5*l + 182 = 4*g. What is the remainder when g is divided by 15?
13
Let v be 2/6*(-24)/(-2). Suppose -3*x + v*y + 12 = 0, -5*x + 8 = -3*x - 3*y. What is the remainder when 14 is divided by x?
2
Let g = 17 + -10. Let q be g + -5 + 1*-1. Suppose -q = -0*m - m. Calculate the remainder when 1 is divided by m.
0
Let c(f) = 4*f - 2. Let s(w) = w**2 + w + 11. What is the remainder when s(5) is divided by c(6)?
19
Let z be (-3 + 2 + 6)*8. Suppose -4*b = -48 - z. What is the remainder when 41 is divided by b?
19
Suppose 0 = v - 0*v - 4. Suppose 16 = v*f + 2*h, 3*f + 0*f - 2*h = 26. What is the remainder when 20 is divided by f?
2
Let g(t) = -t**2 + 7*t + 1. Let d be g(4). Suppose -d - 53 = -2*v. What is the remainder when v is divided by 17?
16
Let d be 10/((10/(-16))/(-5)). Suppose -2*i = 3*o - d, 7*o = 3*o + 5*i + 76. What is the remainder when 46 is divided by o?
22
Let t(s) = -5*s - 4. Let i(o) = 6*o + 5. Let u(j) = -3*i(j) - 4*t(j). Calculate the remainder when 3 is divided by u(1).
0
Suppose 4*h - 21 = -5. Calculate the remainder when 7 is divided by h.
3
Suppose 25 = 11*p - 6*p. What is the remainder when 12 - (2 - 4/2) is divided by p?
2
Let g(a) = -a**2 - 16*a - 11. What is the remainder when g(-10) is divided by 17?
15
Calculate the remainder when 13 is divided by 3 + 12/2 - 1.
5
Suppose 3*o - 1 = 5*y, -o + 4*y - 2 = o. Let g = -4 + 22. What is the remainder when g is divided by o?
4
Let k be 0 + -10 + 2/1. Let n(o) be the second derivative of o**5/20 + 5*o**4/6 + 7*o**3/6 - o**2 - 9*o. Calculate the remainder when n(k) is divided by 18.
16
Let o(h) = 3*h + 2. Let g(j) = 0*j**3 + 3 + 0*j**3 - j**3. Let y be g(0). What is the remainder when o(y) is divided by 4?
3
Suppose 3*t + 283 = -2*t + k, -275 = 5*t - 5*k. Let h = -34 - t. Suppose -3*x + 5*x - 90 = 0. Calculate the remainder when x is divided by h.
22
Let w be -1 + (-12)/(-2) + -2. Let l = 1 + w. What is the remainder when l is divided by 2?
0
Let s be 1/(-3) - 112/(-21). Suppose s*w + 23 = -2*c, -2*w - 2*c - 2 = -3*c. Calculate the remainder when 31 is divided by (-4)/(-6) + (-31)/w.
9
Suppose -3*j + 5*l + 36 = 0, -3*l + 26 = 3*j - 2*j. Suppose -18 = -d - 0*d. Suppose c - d - 32 = 0. What is the remainder when c is divided by j?
16
Let k be 626/13 - (-14)/(-91). Suppose -420 = -6*m + k. Calculate the remainder when m is divided by 27.
24
Let u = 13 + -9. Suppose u = -k + 29. Calculate the remainder when k is divided by 13.
12
Suppose 5*h + 2*d + 69 = 0, -3*h - h - 57 = d. Calculate the remainder when -68*(h/(-12))/(-5) is divided by 7.
3
Suppose 5 + 13 = 3*a. Calculate the remainder when ((-94)/(-6))/((-1)/(-3)) is divided by 8/a*48/4.
15
Let b = 21 + 4. What is the remainder when 48 is divided by b?
23
Let q = 8 - -19. What is the remainder when q is divided by ((-44)/(-8) - 4)*(-14)/(-3)?
6
What is the remainder when -13*((-6)/(-8) - 21/12) is divided by 3?
1
Let z(f) = 17*f. Let x(u) = -u**2 - 8*u - 9. Let h be x(-6). Calculate the remainder when z(h) is divided by 13.
12
Suppose 3*d = -2*m + 2, -2*m - 3 - 15 = -2*d. Calculate the remainder 